{"id":1589,"date":"2024-04-04T20:02:14","date_gmt":"2024-04-04T20:02:14","guid":{"rendered":"https:\/\/rtm-industrialmontage.com\/?page_id=1589"},"modified":"2024-04-11T07:42:01","modified_gmt":"2024-04-11T07:42:01","slug":"metalne-konstrukcije","status":"publish","type":"page","link":"https:\/\/rtm-industrialmontage.com\/index.php\/metalne-konstrukcije\/","title":{"rendered":"Metalne konstrukcije"},"content":{"rendered":"\t\t<div data-elementor-type=\"wp-page\" data-elementor-id=\"1589\" class=\"elementor elementor-1589\">\n\t\t\t\t\t\t<section class=\"elementor-section elementor-top-section elementor-element elementor-element-af2b6a1 elementor-section-height-min-height elementor-section-boxed elementor-section-height-default elementor-section-items-middle\" data-id=\"af2b6a1\" data-element_type=\"section\" data-settings=\"{&quot;background_background&quot;:&quot;slideshow&quot;,&quot;background_slideshow_gallery&quot;:[{&quot;id&quot;:1695,&quot;url&quot;:&quot;https:\\\/\\\/rtm-industrialmontage.com\\\/wp-content\\\/uploads\\\/2024\\\/04\\\/Metalne-Konstrukcije.jpg&quot;}],&quot;background_slideshow_ken_burns&quot;:&quot;yes&quot;,&quot;background_slideshow_slide_duration&quot;:3000,&quot;background_slideshow_loop&quot;:&quot;yes&quot;,&quot;background_slideshow_slide_transition&quot;:&quot;fade&quot;,&quot;background_slideshow_transition_duration&quot;:500,&quot;background_slideshow_ken_burns_zoom_direction&quot;:&quot;in&quot;}\">\n\t\t\t\t\t\t\t<div class=\"elementor-background-overlay\"><\/div>\n\t\t\t\t\t\t\t<div class=\"elementor-container elementor-column-gap-default\">\n\t\t\t\t\t<div class=\"elementor-column elementor-col-100 elementor-top-column elementor-element elementor-element-40ab603\" data-id=\"40ab603\" data-element_type=\"column\">\n\t\t\t<div class=\"elementor-widget-wrap elementor-element-populated\">\n\t\t\t\t\t\t<section class=\"elementor-section elementor-inner-section elementor-element elementor-element-1549bdf elementor-section-content-middle elementor-section-boxed elementor-section-height-default elementor-section-height-default\" data-id=\"1549bdf\" data-element_type=\"section\">\n\t\t\t\t\t\t<div class=\"elementor-container elementor-column-gap-default\">\n\t\t\t\t\t<div class=\"elementor-column elementor-col-100 elementor-inner-column elementor-element elementor-element-1915229\" data-id=\"1915229\" data-element_type=\"column\">\n\t\t\t<div class=\"elementor-widget-wrap elementor-element-populated\">\n\t\t\t\t\t\t<div class=\"elementor-element elementor-element-db4739a elementor-widget__width-initial elementor-widget elementor-widget-heading\" data-id=\"db4739a\" data-element_type=\"widget\" data-widget_type=\"heading.default\">\n\t\t\t\t<div class=\"elementor-widget-container\">\n\t\t\t\t\t<h2 class=\"elementor-heading-title elementor-size-default\">Metalne konstrukcije<\/h2>\t\t\t\t<\/div>\n\t\t\t\t<\/div>\n\t\t\t\t\t<\/div>\n\t\t<\/div>\n\t\t\t\t\t<\/div>\n\t\t<\/section>\n\t\t\t\t\t<\/div>\n\t\t<\/div>\n\t\t\t\t\t<\/div>\n\t\t<\/section>\n\t\t<div class=\"elementor-element elementor-element-07815cc e-flex e-con-boxed e-con e-parent\" data-id=\"07815cc\" data-element_type=\"container\">\n\t\t\t\t\t<div class=\"e-con-inner\">\n\t\t\t\t<div class=\"elementor-element elementor-element-f754d79 elementor-widget elementor-widget-heading\" data-id=\"f754d79\" data-element_type=\"widget\" data-widget_type=\"heading.default\">\n\t\t\t\t<div class=\"elementor-widget-container\">\n\t\t\t\t\t<h2 class=\"elementor-heading-title elementor-size-default\">Metalne konstrukcije<\/h2>\t\t\t\t<\/div>\n\t\t\t\t<\/div>\n\t\t\t\t\t<\/div>\n\t\t\t\t<\/div>\n\t\t<div class=\"elementor-element elementor-element-1c8b0da3 e-flex e-con-boxed e-con e-parent\" data-id=\"1c8b0da3\" data-element_type=\"container\">\n\t\t\t\t\t<div class=\"e-con-inner\">\n\t\t\t\t<div class=\"elementor-element elementor-element-38fe75eb elementor-widget elementor-widget-text-editor\" data-id=\"38fe75eb\" data-element_type=\"widget\" data-widget_type=\"text-editor.default\">\n\t\t\t\t<div class=\"elementor-widget-container\">\n\t\t\t\t\t\t\t\t\t\n<p>Monta\u017ea metalnih konstrukcija zahtijeva pa\u017eljivo planiranje i izvo\u0111enje kako bi se osigurala sigurnost i kvaliteta proizvoda. Iako \u0107e ovdje biti navedeni op\u0107i koraci, va\u017eno je imati na umu da svaka konstrukcija ima svoje specifi\u010dne zahtjeve, stoga je bitno pratiti specifi\u010dne upute za monta\u017eu.<\/p>\n<ol>\n<li>\n<p><strong>Priprema terena:<\/strong> Prije nego \u0161to zapo\u010dnete monta\u017eu, va\u017eno je pripremiti teren. To uklju\u010duje uklanjanje prepreka koje bi mogle ometati postavljanje konstrukcije te osiguranje ravnog temelja na kojem \u0107e se konstrukcija graditi.<\/p>\n<\/li>\n<li>\n<p><strong>Postavljanje stupova:<\/strong> Stupovi su osnovni elementi metalne konstrukcije te ih treba sigurno postaviti. Mogu se pri\u010dvrstiti za temelj pomo\u0107u sidara ili vijaka za sidrenje. Nakon postavljanja, va\u017eno je provjeriti njihovu vertikalnu orijentaciju.<\/p>\n<\/li>\n<li>\n<p><strong>Spajanje pre\u010dki:<\/strong> Nakon postavljanja stupova, pre\u010dke se spajaju na njih. To se obi\u010dno radi pomo\u0107u vijaka ili zavarivanjem.<\/p>\n<\/li>\n<li>\n<p><strong>Postavljanje krovnih elemenata:<\/strong> Nakon \u0161to su stupovi i pre\u010dke spojeni, slijedi postavljanje krovne konstrukcije. To uklju\u010duje postavljanje krovnih elemenata, obloga i krovnih panela.<\/p>\n<\/li>\n<li>\n<p><strong>Zavr\u0161na obrada:<\/strong> Nakon postavljanja krovne konstrukcije, provodi se zavr\u0161na obrada. To uklju\u010duje zavarivanje, bru\u0161enje i bojanje konstrukcije kako bi se osigurala trajnost i estetika.<\/p>\n<\/li>\n<li>\n<p><strong>Testiranje i pregled:<\/strong> Po zavr\u0161etku monta\u017ee, va\u017eno je temeljito provjeriti konstrukciju radi sigurnosti i kvalitete. To mo\u017ee uklju\u010divati testiranje nosivosti, provjeru varova, pregled sigurnosnih elemenata i sl.<\/p>\n<\/li>\n<\/ol>\n\t\t\t\t\t\t\t\t<\/div>\n\t\t\t\t<\/div>\n\t\t\t\t\t<\/div>\n\t\t\t\t<\/div>\n\t\t\t\t<\/div>\n\t\t","protected":false},"excerpt":{"rendered":"<p>Metalne konstrukcije Metalne konstrukcije Monta\u017ea metalnih konstrukcija zahtijeva pa\u017eljivo planiranje i izvo\u0111enje kako bi se osigurala sigurnost i kvaliteta proizvoda.&hellip;<\/p>\n","protected":false},"author":1,"featured_media":0,"parent":0,"menu_order":0,"comment_status":"closed","ping_status":"closed","template":"elementor_header_footer","meta":{"footnotes":""},"class_list":{"0":"post-1589","1":"page","2":"type-page","3":"status-publish","5":"entry"},"_links":{"self":[{"href":"https:\/\/rtm-industrialmontage.com\/index.php\/wp-json\/wp\/v2\/pages\/1589","targetHints":{"allow":["GET"]}}],"collection":[{"href":"https:\/\/rtm-industrialmontage.com\/index.php\/wp-json\/wp\/v2\/pages"}],"about":[{"href":"https:\/\/rtm-industrialmontage.com\/index.php\/wp-json\/wp\/v2\/types\/page"}],"author":[{"embeddable":true,"href":"https:\/\/rtm-industrialmontage.com\/index.php\/wp-json\/wp\/v2\/users\/1"}],"replies":[{"embeddable":true,"href":"https:\/\/rtm-industrialmontage.com\/index.php\/wp-json\/wp\/v2\/comments?post=1589"}],"version-history":[{"count":24,"href":"https:\/\/rtm-industrialmontage.com\/index.php\/wp-json\/wp\/v2\/pages\/1589\/revisions"}],"predecessor-version":[{"id":1813,"href":"https:\/\/rtm-industrialmontage.com\/index.php\/wp-json\/wp\/v2\/pages\/1589\/revisions\/1813"}],"wp:attachment":[{"href":"https:\/\/rtm-industrialmontage.com\/index.php\/wp-json\/wp\/v2\/media?parent=1589"}],"curies":[{"name":"wp","href":"https:\/\/api.w.org\/{rel}","templated":true}]}}